070008 a multiple of 34?
True
Is 973040040 a multiple of 40?
True
Is 5270334416 a multiple of 168?
False
Does 50 divide 6211387?
False
Does 2075 divide 911418693?
False
Is 31777005 a multiple of 65?
True
Does 204 divide 180100176?
True
Is 89660536 a multiple of 783?
False
Is 653 a factor of 21618171?
False
Is 2050 a factor of 230361731?
False
Is 6 a factor of 71124090?
True
Is 187 a factor of 120125380?
False
Does 30 divide 4003735?
False
Is 16 a factor of 188537024?
True
Is 641550896 a multiple of 4?
True
Is 82515952 a multiple of 527?
False
Is 416 a factor of 190532297?
False
Does 13 divide 138103938?
False
Is 77505898 a multiple of 87?
False
Is 599945400 a multiple of 1383?
True
Is 1409957907 a multiple of 133?
False
Is 14262290 a multiple of 7?
True
Is 1547835848 a multiple of 1381?
True
Is 7 a factor of 2141415?
False
Is 1115284767 a multiple of 178?
False
Is 654 a factor of 56778318?
True
Does 149 divide 71725918?
True
Does 11 divide 24607088?
True
Is 139 a factor of 70441540?
False
Is 1851169993 a multiple of 9413?
True
Does 6 divide 228080278?
False
Is 24837528 a multiple of 568?
False
Is 177936998 a multiple of 9?
False
Does 114 divide 12020209?
False
Does 131 divide 5121183?
True
Is 1105737493 a multiple of 1255?
False
Is 121615485 a multiple of 285?
True
Is 3434 a factor of 5023942?
True
Does 16 divide 4183085?
False
Is 136780276 a multiple of 118?
False
Is 711 a factor of 112202514?
False
Is 9 a factor of 457133805?
True
Is 33395944 a multiple of 278?
False
Does 432 divide 198237456?
True
Is 85090785 a multiple of 13?
True
Is 674 a factor of 73996056?
False
Is 146 a factor of 19101094?
False
Does 2156 divide 8575894?
False
Is 54134445 a multiple of 5?
True
Is 8 a factor of 215113272?
True
Is 60666930 a multiple of 723?
True
Is 64564193 a multiple of 158?
False
Is 48484800 a multiple of 40?
True
Does 221 divide 312167999?
False
Is 51438104 a multiple of 577?
False
Is 875 a factor of 199937500?
True
Is 71316097 a multiple of 79?
False
Does 793 divide 33240181?
True
Is 97574792 a multiple of 16?
False
Is 57523095 a multiple of 261?
True
Is 77446543 a multiple of 23?
True
Is 371754163 a multiple of 1489?
True
Does 269 divide 1328595573?
True
Does 127 divide 682874989?
False
Does 532 divide 280719793?
False
Is 5021975931 a multiple of 13?
False
Is 55 a factor of 196590515?
True
Is 76048032 a multiple of 304?
True
Does 18 divide 2356320078?
True
Does 834 divide 193918344?
True
Is 853937656 a multiple of 2662?
True
Is 6 a factor of 75393939?
False
Is 60 a factor of 400846121?
False
Does 104 divide 129115792?
True
Is 29 a factor of 177800392?
True
Does 277 divide 7570687?
True
Is 72258555 a multiple of 10?
False
Does 13 divide 673062?
True
Does 30 divide 3525330?
True
Is 18 a factor of 134390828?
False
Is 7 a factor of 23199464?
False
Is 816 a factor of 187737661?
False
Does 37 divide 54379085?
True
Does 2001 divide 771271055?
False
Is 8640450 a multiple of 103?
False
Is 1486745280 a multiple of 3697?
False
Is 6 a factor of 74380110?
True
Does 6 divide 78347940?
True
Is 172788336 a multiple of 12?
True
Does 1255 divide 43098760?
False
Is 3839 a factor of 612662171?
True
Does 839 divide 18251310?
False
Is 869563898 a multiple of 23?
True
Does 13 divide 1644846952?
False
Is 21 a factor of 506617627?
False
Is 573 a factor of 7308726683?
False
Is 195294999 a multiple of 55?
False
Is 20 a factor of 130522040?
True
Is 2406 a factor of 10462224?
False
Is 921 a factor of 27101346?
True
Is 31481412 a multiple of 2931?
False
Is 347 a factor of 1770299616?
True
Is 6 a factor of 1517564?
False
Is 207049348 a multiple of 131?
False
Is 2403771805 a multiple of 310?
False
Does 769 divide 43379290?
True
Is 354378335 a multiple of 65?
False
Is 26 a factor of 572658463?
False
Does 101 divide 617996780?
True
Is 20 a factor of 56082958?
False
Is 120 a factor of 14139720?
True
Does 1027 divide 30930172?
False
Is 57417675 a multiple of 37?
False
Does 7 divide 845385345?
True
Does 94 divide 15269548?
True
Does 195 divide 82972890?
True
Is 42 a factor of 21154392?
True
Does 388 divide 12024120?
True
Does 28 divide 8250088?
True
Is 410 a factor of 1509827643?
False
Is 45 a factor of 144638740?
False
Is 53539933 a multiple of 2633?
False
Does 18 divide 4835565648?
True
Is 59 a factor of 7170008?
False
Is 9182 a factor of 2212674008?
False
Does 334 divide 59587270?
True
Does 939 divide 1970025304?
False
Is 1743 a factor of 21067249?
False
Is 35789462 a multiple of 26?
False
Is 876 a factor of 2404486848?
True
Is 10285339 a multiple of 6?
False
Is 725 a factor of 737351832?
False
Is 444418291 a multiple of 2?
False
Is 30 a factor of 231344333?
False
Does 2 divide 15044517?
False
Is 817 a factor of 6841011?
False
Is 3708 a factor of 320404572?
True
Is 392334578 a multiple of 16?
False
Is 501983830 a multiple of 401?
True
Does 16 divide 28589484?
False
Does 3 divide 17270010?
True
Does 1147 divide 521033155?
False
Is 2 a factor of 47172516?
True
Does 318 divide 88558230?
True
Is 6005350 a multiple of 10?
True
Is 951168207 a multiple of 11?
True
Does 6 divide 296310?
True
Is 314 a factor of 9239410?
False
Does 5126 divide 1815504404?
False
Is 18112794 a multiple of 1106?
False
Is 229 a factor of 183216553?
False
Is 409513949 a multiple of 11?
False
Is 1185 a factor of 47192625?
True
Is 174214071 a multiple of 60?
False
Is 2858312535 a multiple of 669?
True
Does 2113 divide 34965924?
True
Is 419 a factor of 3347835?
False
Is 40 a factor of 92887920?
True
Does 2333 divide 41420255?
False
Does 83 divide 6182928?
False
Is 120442251 a multiple of 763?
False
Is 131640652 a multiple of 143?
True
Is 928 a factor of 2129516864?
True
Is 20419644 a multiple of 3?
True
Is 2901 a factor of 86831158?
False
Does 172 divide 55932508?
True
Does 2119 divide 134879125?
False
Is 161 a factor of 24986283?
False
Is 279 a factor of 706075902?
True
Does 174 divide 134638938?
True
Is 9 a factor of 31229256?
False
Is 807918495 a multiple of 67?
True
Does 404 divide 538542477?
False
Is 33700472 a multiple of 27?
False
Is 22962534 a multiple of 355?
False
Is 9 a factor of 771178?
False
Does 2143 divide 15845342?
True
Is 26 a factor of 86748511?
False
Is 211 a factor of 395873347?
True
Is 16 a factor of 106565996?
False
Is 18404694 a multiple of 693?
True
Is 71665731 a multiple of 7?
False
Is 851558911 a multiple of 7?
True
Is 32682897 a multiple of 3627?
True
Is 23228351 a multiple of 388?
False
Is 1144090358 a multiple of 2242?
True
Is 583019157 a multiple of 161?
True
Is 100 a factor of 317348631?
False
Does 4972 divide 146127080?
True
Is 908 a factor of 72663703?
False
Is 113249580 a multiple of 997?
False
Is 400084968 a multiple of 292?
True
Does 21 divide 14154138?
False
Does 76 divide 188145600?
True
Does 733 divide 50818479?
False
Does 623 divide 235618984?
False
Is 4665 a factor of 1833587580?
True
Does 70 divide 28799380?
False
Is 13 a factor of 237835?
True
Does 3145 divide 44496299?
False
Is 1714323926 a multiple of 4339?
False
Does 254 divide 5971794?
True
Does 2 divide 8628774?
True
Is 669136498 a multiple of 3200?
False
Is 2223 a factor of 4876183?
False
Is 70 a factor of 1660903440?
True
Is 28 a factor of 17586764?
False
Does 52 divide 1450593?
False
Is 77 a factor of 5124983112?
False
Is 248391982 a multiple of 1135?
False
Is 25210536 a multiple of 104?
True
Is 138 a factor of 54834673?
False
Does 670 divide 749102210?
True
Does 294 divide 109886663?
False
Is 687369232 a multiple of 214?
False
Is 9 a factor of 136994895?
True
Does 9 divide 164168496?
True
Is 35933671 a multiple of 1168?
False
Is 2618406 a multiple of 162?
True
Does 2464 divide 1535976160?
False
Is 491 a factor of 432649081?
False
Does 12 divide 382444815?
False
Does 2808 divide 4067966?
False
Is 1299 a factor of 19572033?
True
Does 1324 divide 68765912?
True
Is 52220013 a multiple of 634?
False
Is 4405912595 a multiple of 9?
False
Is 758 a factor of 708038704?
True
Is 2289 a factor of 2140803609?
False
Does 12 divide 75034591?
False
Does 7838 divide 1462061330?
True
Is 11994588 a multiple of 36?
True
Is 5 a factor of 33393049?
False
Does 30 divide 1316670023?
False
Does 18 divide 29816046?
True
Is 281202715 a multiple of 432?
False
Does 365 divide 2556095?
True
Is 115648035 a multiple of 10?
False
Does 100 div